{"id":91,"date":"2018-09-08T09:35:45","date_gmt":"2018-09-08T12:35:45","guid":{"rendered":"https:\/\/dibujoysistemas.fi.unsj.edu.ar\/?page_id=91"},"modified":"2026-03-15T23:59:43","modified_gmt":"2026-03-16T02:59:43","slug":"91-2","status":"publish","type":"page","link":"https:\/\/dibujoysistemas.fi.unsj.edu.ar\/","title":{"rendered":""},"content":{"rendered":"\r\n<h2 style=\"text-align: center;\"><a href=\"https:\/\/dibujoysistemas.fi.unsj.edu.ar\/?page_id=1271\" target=\"_blank\" rel=\"noopener\"><span style=\"color: #993300;\">CLASES 1\u00ba SEMESTRE 2026<\/span><\/a><\/h2>\r\n<h4 style=\"text-align: center;\"><a href=\"https:\/\/dibujoysistemas.fi.unsj.edu.ar\/?page_id=1271\" target=\"_blank\" rel=\"noopener\"><span style=\"color: #333399;\"><em><strong>Ingenier\u00eda\u00a0 CIVIL &#8211;\u00a0<\/strong><\/em><\/span><span style=\"color: #ff0000;\"><em><strong>CURSADO 2026<\/strong><\/em><\/span><\/a><\/h4>\r\n<p>&nbsp;<\/p>\r\n<hr \/>\r\n<h3 style=\"text-align: center;\"><a href=\"https:\/\/www.horariosdeconsulta.dibujo.fi.unsj.edu.ar\/\" target=\"_blank\" rel=\"noopener noreferrer\"><span style=\"color: #000080;\">HORARIOS DE CONSULTA 2026<\/span><\/a><\/h3>\r\n<h4 style=\"text-align: center;\"><strong><span style=\"color: #ff0000;\"><em>Desde el lunes 2 de febrero y hasta el 3 de julio<\/em><\/span><\/strong><\/h4>\r\n<hr \/>\r\n<h1 style=\"text-align: center;\"><em><span style=\"color: #ff6600;\"><a style=\"color: #ff6600;\" href=\"https:\/\/dibujoysistemas.fi.unsj.edu.ar\/?page_id=1671\" target=\"_blank\" rel=\"noopener noreferrer\"><mark class=\"has-inline-color has-light-gray-color\" style=\"background-color: #4caf50; \/* verde *\/    border: none; \/* sin borde *\/    color: white; \/* texto en blanco *\/    padding: 10px 20px; \/* espaciado interno *\/    text-align: center; \/* alinear texto al centro *\/    text-decoration: none; \/* sin subrayado *\/    display: inline-block; \/* mostrar como bloque en l\u00ednea *\/    font-size: 16px; \/* tama\u00f1o de fuente *\/    margin: 4px 2px; \/* m\u00e1rgenes *\/    cursor: pointer; \/* cambiar cursor al pasar sobre el bot\u00f3n *\/    border-radius: 5px;\">MODELOS DE EVALUACIONES PARCIALES<\/mark><\/a><\/span><\/em><\/h1>\r\n<h1 style=\"text-align: center;\"><em><span style=\"color: #ff6600;\"><a style=\"color: #ff6600;\" href=\"https:\/\/drive.google.com\/drive\/folders\/1KSYj3DQHKTxdz1Ni4hh0oOwcTW0iz-ff?usp=sharing\" target=\"_blank\" rel=\"noopener noreferrer\"><mark class=\"has-inline-color has-light-gray-color\" style=\"background-color: #af2150; border: none; \/* sin borde *\/    color: white; \/* texto en blanco *\/    padding: 10px 20px; \/* espaciado interno *\/    text-align: center; \/* alinear texto al centro *\/    text-decoration: none; \/* sin subrayado *\/    display: inline-block; \/* mostrar como bloque en l\u00ednea *\/    font-size: 16px; \/* tama\u00f1o de fuente *\/    margin: 4px 2px; \/* m\u00e1rgenes *\/    cursor: pointer; \/* cambiar cursor al pasar sobre el bot\u00f3n *\/    border-radius: 5px;\">MODELOS DE EX\u00c1MENES FINALES<\/mark><\/a><\/span><\/em><\/h1>\r\n<h3 class=\"has-text-color has-green-color\" style=\"font-size: 30px; text-align: center;\">\u00a0<\/h3>\r\n<hr \/>\r\n<h3 class=\"has-text-color has-green-color\" style=\"font-size: 30px; text-align: center;\"><strong><a href=\"https:\/\/dibujoysistemas.fi.unsj.edu.ar\/?page_id=61\" target=\"_blank\" rel=\"noreferrer noopener\" aria-label=\"EXAMEN FINAL PRESENCIAL (abre en una nueva pesta\u00f1a)\">EXAMEN FINAL PRESENCIAL<\/a><\/strong><\/h3>\r\n<p>\r\n\r\n<\/p>\r\n<p class=\"has-text-color has-background has-medium-font-size\" style=\"background-color: #fdfa04; color: #fb0000; text-align: center;\">EL EXAMEN FINAL SOLO SE TOMA DE FORMA PRESENCIAL. <em><strong>NO SE TOMA VIRTUAL<\/strong><\/em><\/p>\r\n<hr \/>\r\n<h2 id=\"yui_3_17_2_1_1724248679249_1661\" style=\"text-align: center;\"><span id=\"yui_3_17_2_1_1724248679249_1662\" class=\"\"><a id=\"yui_3_17_2_1_1724248679249_1663\" href=\"https:\/\/comunidad.unsj.edu.ar\/proyectoUNSJ\/public\/\" target=\"_blank\" rel=\"noopener\"><span id=\"yui_3_17_2_1_1724248679249_1665\" class=\"\"><b id=\"yui_3_17_2_1_1724248679249_1666\"><i id=\"yui_3_17_2_1_1724248679249_1667\">COMUNIDAD DEL ESTUDIANTE<\/i><\/b><\/span><\/a><\/span><\/h2>\r\n<h4 id=\"yui_3_17_2_1_1724248679249_1669\" style=\"text-align: center;\"><span style=\"color: #0000ff;\"><b id=\"yui_3_17_2_1_1724248679249_1670\"><span id=\"yui_3_17_2_1_1724248679249_1671\" class=\"\">Aqu\u00ed hay Informaci\u00f3n \u00fatil para tu Vida Universitaria.<\/span><\/b><\/span><\/h4>\r\n<p><a href=\"https:\/\/comunidad.unsj.edu.ar\/proyectoUNSJ\/public\/\" target=\"_blank\" rel=\"noopener\"><img loading=\"lazy\" decoding=\"async\" class=\"aligncenter size-full wp-image-1805\" src=\"https:\/\/dibujoysistemas.fi.unsj.edu.ar\/wp-content\/uploads\/Comunidad-UNSJ.jpg\" alt=\"\" width=\"642\" height=\"334\" srcset=\"https:\/\/dibujoysistemas.fi.unsj.edu.ar\/wp-content\/uploads\/Comunidad-UNSJ.jpg 642w, https:\/\/dibujoysistemas.fi.unsj.edu.ar\/wp-content\/uploads\/Comunidad-UNSJ-300x156.jpg 300w\" sizes=\"auto, (max-width: 642px) 100vw, 642px\" \/><\/a><\/p>\r\n<p><\/p>","protected":false},"excerpt":{"rendered":"<p>CLASES 1\u00ba SEMESTRE 2026 Ingenier\u00eda\u00a0 CIVIL &#8211;\u00a0CURSADO 2026 &nbsp; HORARIOS DE CONSULTA 2026 Desde el lunes 2 de febrero y hasta el 3 de julio MODELOS DE EVALUACIONES PARCIALES MODELOS DE EX\u00c1MENES FINALES \u00a0 EXAMEN FINAL PRESENCIAL EL EXAMEN FINAL SOLO SE TOMA DE FORMA PRESENCIAL. NO SE TOMA VIRTUAL COMUNIDAD DEL ESTUDIANTE Aqu\u00ed hay &hellip; <a href=\"https:\/\/dibujoysistemas.fi.unsj.edu.ar\/\" class=\"more-link\">Seguir leyendo <span class=\"screen-reader-text\"><\/span> <span class=\"meta-nav\">&rarr;<\/span><\/a><\/p>\n","protected":false},"author":2,"featured_media":0,"parent":0,"menu_order":0,"comment_status":"closed","ping_status":"closed","template":"page-templates\/full-width.php","meta":{"footnotes":""},"class_list":["post-91","page","type-page","status-publish","hentry"],"_links":{"self":[{"href":"https:\/\/dibujoysistemas.fi.unsj.edu.ar\/index.php?rest_route=\/wp\/v2\/pages\/91","targetHints":{"allow":["GET"]}}],"collection":[{"href":"https:\/\/dibujoysistemas.fi.unsj.edu.ar\/index.php?rest_route=\/wp\/v2\/pages"}],"about":[{"href":"https:\/\/dibujoysistemas.fi.unsj.edu.ar\/index.php?rest_route=\/wp\/v2\/types\/page"}],"author":[{"embeddable":true,"href":"https:\/\/dibujoysistemas.fi.unsj.edu.ar\/index.php?rest_route=\/wp\/v2\/users\/2"}],"replies":[{"embeddable":true,"href":"https:\/\/dibujoysistemas.fi.unsj.edu.ar\/index.php?rest_route=%2Fwp%2Fv2%2Fcomments&post=91"}],"version-history":[{"count":226,"href":"https:\/\/dibujoysistemas.fi.unsj.edu.ar\/index.php?rest_route=\/wp\/v2\/pages\/91\/revisions"}],"predecessor-version":[{"id":1899,"href":"https:\/\/dibujoysistemas.fi.unsj.edu.ar\/index.php?rest_route=\/wp\/v2\/pages\/91\/revisions\/1899"}],"wp:attachment":[{"href":"https:\/\/dibujoysistemas.fi.unsj.edu.ar\/index.php?rest_route=%2Fwp%2Fv2%2Fmedia&parent=91"}],"curies":[{"name":"wp","href":"https:\/\/api.w.org\/{rel}","templated":true}]}}